 (base 16) to base 8
561331
Convert -32414 (base 7) to base 5.
-224341
-481751 (base 10) to base 2
-1110101100111010111
What is 573658 (base 11) in base 6?
31320352
Convert 34244041 (base 5) to base 3.
120112221202
-58515 (base 11) to base 10
-84474
Convert 3d5a6 (base 16) to base 12.
10151a
Convert 202344303 (base 6) to base 15.
48baa6
-1023222110 (base 4) to base 10
-309908
10011034 (base 5) to base 15
18599
What is 443103 (base 7) in base 10?
77913
Convert -1a79 (base 14) to base 13.
-2261
Convert -73611 (base 12) to base 15.
-2ec0d
1215244 (base 9) to base 5
132104242
Convert 256105 (base 8) to base 16.
15c45
Convert -58afd6 (base 16) to base 7.
-100255065
Convert 5db7c (base 14) to base 15.
48248
Convert -202011102010120 (base 3) to base 10.
-10715667
Convert 2004231033 (base 5) to base 7.
45542543
535044 (base 8) to base 5
21204344
What is 6044516 (base 8) in base 3?
2222212022021
-347c3 (base 13) to base 3
-11212102122
What is cdce (base 16) in base 9?
80240
Convert -14035510 (base 7) to base 15.
-1ab274
What is -1ec1c (base 16) in base 7?
-1033201
-1020021220111 (base 3) to base 13
-19c36c
Convert 1011201122220 (base 3) to base 12.
2614a3
What is -2326 (base 8) in base 14?
-646
Convert 79638 (base 10) to base 14.
21046
1204040431 (base 5) to base 8
12533603
-11ddd5 (base 14) to base 8
-2260367
What is 1000100101110100111000 (base 2) in base 9?
4212250
What is 4124c (base 14) in base 11?
a7948
What is -850455 (base 14) in base 10?
-4495531
Convert -130b08 (base 13) to base 9.
-768365
-27415c (base 14) to base 16
-14b026
What is 28712 (base 14) in base 7?
565022
What is -2212210220111 (base 3) in base 12?
-61a3a1
What is -110110111100001001 (base 2) in base 4?
-312330021
What is 55374d (base 15) in base 10?
4061773
What is 7325 (base 12) in base 13?
593c
What is 10714710 (base 8) in base 15?
31146d
Convert 114143 (base 9) to base 3.
10111011110
Convert 1021200100220000 (base 3) to base 5.
14204233442
What is -145033 (base 6) in base 2?
-11011011101101
What is 826d9 (base 15) in base 6?
12505240
Convert c9b2 (base 16) to base 11.
35880
21828 (base 10) to base 8
52504
What is 361036 (base 12) in base 4?
3111003222
1010210112 (base 3) to base 4
11132303
a2056 (base 13) to base 8
1066433
Convert -1101000101000011110 (base 2) to base 9.
-722803
Convert -165642 (base 9) to base 11.
-70089
4453224 (base 6) to base 4
312322300
-4915b (base 14) to base 9
-302035
1455525 (base 11) to base 12
a04715
What is 18b935 (base 15) in base 2?
100100101110101110111
Convert 1a76a25 (base 12) to base 2.
10101011110110100111101
Convert 422388 (base 9) to base 11.
161722
-61f73f (base 16) to base 13
-143a3b3
-53134153 (base 6) to base 7
-16123332
-5996e (base 16) to base 5
-43220313
Convert -34102 (base 15) to base 5.
-20244402
What is -ad7d2 (base 14) in base 2?
-1100110111000001100
Convert -1101303033 (base 6) to base 2.
-101101000111101011111101
What is 222313011 (base 4) in base 7?
1330554
Convert 310320103 (base 4) to base 15.
4429a
3db10 (base 14) to base 9
253000
-115289 (base 10) to base 11
-79689
Convert -275dd9 (base 14) to base 13.
-38864a
695507 (base 11) to base 16
10ddbe
What is 1a25145 (base 11) in base 4?
31002201002
What is 12401105 (base 9) in base 16?
5cd12e
Convert -1101000011000011000100 (base 2) to base 16.
-3430c4
Convert -6c014b (base 13) to base 3.
-11211121100221
Convert 4a37b7 (base 13) to base 16.
1b2412
213015 (base 7) to base 15
aea6
What is 1375 (base 15) in base 10?
4160
1110100101011001101010 (base 2) to base 7
44332246
What is -17234 (base 16) in base 6?
-2010432
18422 (base 11) to base 3
1022101110
What is 32124 (base 15) in base 10?
158884
Convert -111011110100111111000 (base 2) to base 11.
-11199a9
-1201324320 (base 5) to base 13
-758a6a
What is -6604612 (base 7) in base 6?
-25154351
What is -596b4 (base 14) in base 7?
-1565614
-101010011011000010011 (base 2) to base 10
-1390099
-1011110111010100101001 (base 2) to base 15
-41680a
Convert -21100002220120 (base 3) to base 8.
-16677733
What is -153662 (base 9) in base 2?
-10111000101110111
Convert 3849f2 (base 16) to base 13.
9c2111
What is 232023312 (base 6) in base 7?
51340634
10345354 (base 7) to base 2
11011000001011011101
271a4 (base 11) to base 7
221135
-e35ec (base 15) to base 2
-10101111110101011110
Convert -355453553 (base 6) to base 14.
-c695db
-15613 (base 11) to base 15
-67e1
-894871 (base 10) to base 4
-3122132113
What is -1c4457 (base 16) in base 9?
-3433136
-42152220 (base 6) to base 5
-303242303
What is 12a665 (base 14) in base 15?
ca95b
5026e (base 16) to base 7
2535102
-244434111 (base 5) to base 6
-41034004
Convert -14020044 (base 6) to base 14.
-c2dac
-1a8326 (base 12) to base 11
-2a1528
What is -605592 (base 10) in base 4?
-2103312120
c58340 (base 13) to base 9
8615525
Convert -203054 (base 13) to base 3.
-1102001202212
1061257 (base 8) to base 15
5a257
What is -46bec (base 16) in base 8?
-1065754
What is -746474 (base 9) in base 16?
-6c7c0
Convert -337071 (base 8) to base 9.
-183625
What is 7254506 (base 8) in base 5?
443022043
14989a5 (base 11) to base 14
4a8a14
Convert 541415 (base 9) to base 6.
10525152
What is 1000010011010111001 (base 2) in base 8?
1023271
What is 33330322 (base 4) in base 13?
23980
Convert 243831 (base 11) to base 10.
385661
What is 10131103 (base 5) in base 14?
224c6
What is -20222121101020 (base 3) in base 11?
-2106159
3322303 (base 6) to base 8
505037
What is -29797a1 (base 12) in base 9?
-16671884
What is -6d5aa (base 16) in base 8?
-1552652
-22071 (base 12) to base 10
-45013
Convert -50d88 (base 15) to base 2.
-111110100010110010
Convert -4134045 (base 6) to base 14.
-52833
What is 242ac (base 15) in base 8?
341242
Convert -4331134 (base 5) to base 7.
-425336
What is 11161346 (base 7) in base 2?
11101101100010000001
What is 401332024 (base 5) in base 11?
996357
-15836c (base 13) to base 16
-81f2f
What is -3404004 (base 6) in base 11?
-1081aa
35212606 (base 9) to base 2
1000001010110110010110001
508672 (base 10) to base 9
854681
-12002002000 (base 3) to base 2
-11000011001010111
131132233 (base 4) to base 13
42c67
-8e9e2 (base 15) to base 3
-212002102212
-3651456 (base 8) to base 11
-626631
Convert -11004001 (base 6) to base 8.
-1177441
What is -617b (base 12) in base 16?
-296f
Convert -1826304 (base 12) to base 7.
-60513364
-202121121122 (base 3) to base 5
-100441043
300024434 (base 6) to base 2
10011001111000100100110
240b7 (base 16) to base 3
21111112010
-21a02b3 (base 13) to base 6
-1005000045
Convert 538726 (base 10) to base 2.
10000011100001100110
Convert 1244668 (base 9) to base 6.
22320355
What is 701a66 (base 13) in base 16?
27b80e
What is 12534120 (base 6) in base 15?
83803
-3230034 (base 5) to base 7
-316256
What is 2c0a0 (base 14) in base 4?
122311030
Convert -100101000111010011111110 (base 2) to base 11.
-5545829
Convert 4048990 (base 10) to base 6.
222441154
What is 7603643 (base 8) in base 16?
1f07a3
Convert 5050443 (base 8) to base 2.
101000101000100100011
What is -32b6a (base 15) in base 3?
-22012010101
Convert 11010000111110101011001 (base 2) to base 10.
6847833
What is -131312536 (base 7) in base 9?
-16733034
-804089 (base 15) to base 14
-b46c61
-44203220 (base 5) to base 12
-164a71
Convert 40751463 (base 8) to base 11.
4970904
Convert 94396c (base 13) to base 6.
202125231
1070056 (base 8) to base 12
1203a6
Convert -4d8db (base 14) to base 4.
-232221321
Convert -31869a (base 11) to base 15.
-a0d6c
Convert -129701 (base 12) to base 14.
-7db8d
What is 21c8d (base 16) in base 9?
230736
What is 140747 (base 8) in base 5?
3042024
Convert 12410212304 (base 5) to base 6.
1304204320
What is 243141202 (base 5) in base 14?
21bb19
What is 4752 (base 14) in base 13?
5865
-503145133 (base 6) to base 12
-2a451a9
What is b65b3 (base 15) in base 6?
20221510
Convert 1702052 (base 8) to base 11.
3070a6
Convert -23002040 (base 5) to base 9.
-340004
-59860 (base 13) to base 10
-164008
Convert 13354 (base 16) to base 6.
1404124
What is -40a340 (base 13) in base 14?
-2b364d
What is -11202101011 (base 3) in base 4?
-112312102
-10011010101010101 (base 2) to base 16
-13555
-b7056 (base 14) to base 7
-3520136
Convert -d93b6 (base 14) to base 3.
-222122221222
343314104 (base 5) to base 13
41c9c5
Convert -12344110 (base 7) to base 2.